r**3/3 + 3*r**2 - 5*r. Let j be s(-2). What is the units digit of 330/4 - j/4?
5
Let v be 3/((5/335)/1). Suppose -v = -q - 5*j, 386 = 3*q + j - 217. What is the hundreds digit of q?
2
Let u(g) = -3*g - 8 - 31*g + 74*g + 11*g. What is the units digit of u(12)?
4
Let v(a) = -a**3 - 2*a - 59. Let r be v(0). Let z = -45 - r. What is the units digit of z*(4 + 0 + -3)?
4
Let o(n) = 24*n**2 + 4. Let h be o(6). Let a = h + -502. What is the tens digit of a?
6
Let l(g) = 14*g - 40. Let o = 80 - 63. Let s be l(o). Suppose -760 = -4*q + 2*k, -5*k = 2*q - 194 - s. What is the hundreds digit of q?
1
Let o be (2673/(-6))/(4/(40/(-5))). Suppose -17*m = -8*m - o. What is the tens digit of m?
9
Suppose -181*p = -174*p - 7371. Suppose -8*i - p = -3845. What is the units digit of i?
9
Suppose q - 7*q - 12 = 0. What is the tens digit of 12454/52 - 1/q?
4
Let x(v) = 2*v**2 - 2*v - 10. Let a be x(-2). Let c(t) = 22*t**3 - t**2 - 2*t + 1. What is the units digit of c(a)?
9
Let x = 30501 + -20335. What is the thousands digit of x?
0
Let d(f) = 622*f - 2005. What is the thousands digit of d(12)?
5
Let x be -1*2/4*-8 + -2. Suppose -x*r - 10 = 0, -3*a - r + 5 = -2*r. Suppose a = 7*q - 8*q + 12. What is the units digit of q?
2
Let z be 2/7 - (-6678)/(-49). Let a = -133 - z. Suppose 0 = a*l - m - 449, -4*m + 0 = -4. What is the tens digit of l?
5
Let z(i) = -i**3 + 33*i**2 - 34*i + 18. What is the tens digit of z(31)?
8
Suppose 0 = -12*i - 7388 + 2252. Let r = 749 + i. What is the hundreds digit of r?
3
Suppose 2*u + 3*d = -2678, -3*d = 3*u - 5*u - 2666. Let f = 616 - u. What is the units digit of f?
2
Let b(u) = 3798*u**2 + 44*u - 137. What is the ten thousands digit of b(4)?
6
Suppose -352*f = -109*f - 6146199. What is the tens digit of f?
9
Suppose 37172 = 4*u + 4*n, 30*n = 4*u + 27*n - 37172. What is the hundreds digit of u?
2
Suppose -c - 4*j = -3, -32 = -2*c + 8*j - 3*j. Suppose c*x + 1000 = 2705. What is the hundreds digit of x?
1
Let v be (0 - 1)/((-2)/(-8)). Let c(a) = 22 - 16*a + 6*a + 21 - 59 + 28. What is the tens digit of c(v)?
5
Let d(l) = 23*l**2 + 14*l - 173. Let t be d(11). Let o = -1791 + t. What is the hundreds digit of o?
9
Let z = -83 - -85. What is the hundreds digit of 34775/91 - z/14?
3
Let q be 98*(-4)/(-8)*(0 - 1). Let b be q/(33/116 - (-2)/(-8)). What is the hundreds digit of (b/11)/(-1) - 2/11?
1
Let f(l) = 198*l**2 + 28*l - 86. What is the ten thousands digit of f(12)?
2
Let k = -3886 + 10663. What is the tens digit of k?
7
Suppose -4*y + 3*b - 21 = -5, 3*y - 5*b + 1 = 0. Let t be (18/4)/(y/(-42)*3). Let v(q) = -q**2 + 12*q + 21. What is the tens digit of v(t)?
4
Suppose 19*r + 54 = 46*r. Suppose -63 = -i + r*m, -2*i - 2*m = -m - 116. What is the units digit of i?
9
Let v(l) = 11*l**2 + 13*l - 20. Let s be ((-80)/50)/(2/(-5)). What is the hundreds digit of v(s)?
2
What is the hundreds digit of 4/(-3) + 47987788/642?
7
Let x(k) = 17*k**2 + 25*k - 10. What is the hundreds digit of x(12)?
7
Suppose 5*c + 13035 = 5*p, -1203 = -p - 3*c + 1384. Suppose 3215 + p = 7*o. What is the tens digit of o?
3
Let b(m) = 168*m**2 + 9*m + 12. Let z be (-11)/(-44) + 9/(-4). What is the tens digit of b(z)?
6
Suppose 33*q - y + 11948 = 34*q, 0 = -4*q + 5*y + 47801. What is the tens digit of q?
4
Suppose 65*i - 116 = 7*i. Suppose -2*h - 4*n + 2622 = 0, -1014 = i*h + 3*n - 3634. What is the tens digit of h?
0
Let w be (-16)/(-3) + 0 + 9/(-27). Suppose w*z + 12 + 8 = m, 2*m - 4 = -2*z. What is the tens digit of 4/(z/((-927)/6))?
0
Suppose -6*x + 172592 = 4*t - 2*t, 5*x + 2*t - 143828 = 0. Suppose 28*n + 6*n = x. What is the units digit of n?
6
Let x(b) = 10*b**2 - 2*b + 4. Let q be (-4)/(-10)*(-55)/(-22). Let k be x(q). What is the tens digit of (-315)/14*(-128)/k?
4
What is the thousands digit of (-1096)/(-120) - 9 - 703428/(-90)?
7
Let b(o) = 2*o**2 - 29*o + 18. Let x be b(14). What is the units digit of 5324/748 + x/(-34)?
7
Suppose 197 - 113 = -14*p. What is the units digit of 973 + (p - (-5 - -2))?
0
Suppose -178693 - 203354 = -67*x + 247820. What is the tens digit of x?
0
Let a(p) be the first derivative of -11/2*p**2 + 16 + 55*p. What is the hundreds digit of a(-20)?
2
Let m be -7*((-668)/112 + 5/20). What is the thousands digit of 40244/m + 7/(-70)?
1
Let o = -52 + 56. Suppose -i + o*i = -i. Suppose 105 = 7*r - i*r. What is the tens digit of r?
1
Let q = -302 + 302. Suppose -x + 4*p = 4*x - 1146, q = -5*x - p + 1151. What is the units digit of x?
0
Suppose 0 = 3*r - r + 70. Let w = 150 + r. Suppose z - w = -x, 0 = 4*z - 4*x - 597 + 121. What is the units digit of z?
7
Let a be (4/34 - (-105)/119) + 2. Suppose 0 = 4*r + 3*u - 2429 - 1006, r - 852 = -a*u. What is the units digit of r?
1
Let h = -71 + 114. Let d = h - 40. Suppose -5*n + 4*b + 197 = 70, d*b - 141 = -5*n. What is the tens digit of n?
2
Suppose 699*k = 707*k - 17416. What is the units digit of k?
7
Let a(l) = -l**2 + 12*l - 16. Suppose 2*b = -24 + 38. What is the tens digit of a(b)?
1
Suppose -12*x - 23*x + 1175593 = 18*x. What is the ten thousands digit of x?
2
Let b(i) = -69*i + 234. Suppose 0 = 7*k + 109 - 60. What is the tens digit of b(k)?
1
Suppose -24*z + 53*z = 5*z + 604104. What is the units digit of z?
1
Let q = -50 + 63. Suppose -q + 9 = -g. Suppose -2*l + g*l - 90 = 0. What is the tens digit of l?
4
Let g = 1101 + 2841. What is the tens digit of g?
4
Let t = -54814 + 77451. What is the ten thousands digit of t?
2
Let a be ((-13)/26)/((-2)/20). Suppose 4*h = -4*u - 8, a*h = 6*u - u - 10. What is the hundreds digit of ((-185)/h)/(14/28)?
1
Let v = 38 - 23. What is the tens digit of ((-170)/v - -2)*-6?
5
What is the tens digit of (-37007)/(-5) - 4/(-250)*-25?
0
Let l be (-2)/7 + (-2 - 3860/(-35)). What is the units digit of ((-54)/(-4))/(((-15)/l)/(-5))?
6
Let h = -183 + 1038. Let f = h - -393. What is the thousands digit of f?
1
Let u(d) = -d**3 + 28*d**2 + 18*d + 38. What is the units digit of u(27)?
3
Let t = -71810 + 125391. What is the ten thousands digit of t?
5
Let x be ((-3)/(-2))/((-30)/80). Let k(o) be the second derivative of -o**3/2 + 9*o**2 - 62*o. What is the tens digit of k(x)?
3
Suppose 8*v - 3*v = 2*u - 4, -2*u - 2*v + 4 = 0. Suppose 3*o = 2*f - 368, -3*f = -f + u*o - 348. What is the tens digit of f?
7
Let r(c) = 40*c**2 + 11*c - 7. Let o be r(4). Suppose 4*p - 1340 = -2*x, x + o = 2*x - 5*p. What is the tens digit of x?
7
Let v = -52876 + 96993. What is the ten thousands digit of v?
4
Let t = -12 - 711. Let m = t - -1344. What is the tens digit of m?
2
Let d be ((-5)/(-3))/(1/3). Suppose -v + 3 = -d. Suppose 0 = 4*u + 4*m - 36, -3*u + 4*m = v*m - 27. What is the units digit of u?
9
Suppose -5*m + 25*m - 80 = 0. Suppose -o + 285 = m*u, o - 146 = 4*u + 99. What is the hundreds digit of o?
2
Let x(h) = -40*h**3 - h**2 + 2. Let t be x(1). Let v be ((-21126)/26)/(-3) - 6/t. Suppose -4*k + 625 = -v. What is the hundreds digit of k?
2
Let k = 823 - 726. Suppose 31108 = k*q - 75*q. What is the hundreds digit of q?
4
Let s(x) = 8*x**2 - x + 17. Let z be s(7). What is the tens digit of z/(-15)*(1 - 16)?
0
Suppose -16 = 4*m, m = -3*j + 4*m + 39243. What is the hundreds digit of j?
0
Let a(k) = -4*k + 2*k**3 + 0*k + 0*k**3 - 5*k**2 - 1. Let t be a(5). Suppose -136 = -3*p + t. What is the tens digit of p?
8
Let j(i) = -3*i**3 - 7*i**2 + 3*i + 77. What is the ten thousands digit of j(-22)?
2
Suppose 6*r = 11*r - 45. Let y be (2/r - 34/(-9)) + -251. Let c = y + 435. What is the units digit of c?
8
Suppose 17*f = 494078 - 105781. What is the units digit of f?
1
Suppose 0 = -l - 14*m + 13*m + 2126, -m + 8483 = 4*l. What is the units digit of l?
9
Let o(w) = 69*w + 116. Let h be o(-4). What is the units digit of -4*(-8)/h - (-1106)/5?
1
Let v be 12826 - (-14)/((-28)/(-18)). Suppose -8*w + v = 2971. What is the units digit of w?
3
Suppose 14 = -220*g + 218*g, 4*g = 4*d - 227404. What is the tens digit of d?
4
Let w(t) = 57*t - 1. Let s(b) = 170*b - 2. Let q(f) = -3*s(f) + 8*w(f). Suppose -4*j - 6 = -2. What is the tens digit of q(j)?
5
Let r(s) = 2*s**2 - 18*s + 9. Let w be r(12). Suppose -10*v + w = -v. Suppose -v*c + 72 = -567. What is the units digit of c?
1
Suppose 3*d + 2*d + 2 = -3*p, -5*p + 26 = d. Suppose 5*w + p*w - 3487 = 0. What is the hundreds digit of w?
3
Let w = 1119 + -